t is the highest common factor of 27 and n?
9
Suppose 7*q = -4*t + 2*q + 392, -5*t - 2*q = -490. Calculate the greatest common divisor of 14 and t.
14
Let v = -1 - -4. Suppose v*t = 77 - 26. Calculate the highest common divisor of t and 68.
17
Suppose -5*j - 143 = -4*z + 69, 4*j - 128 = -3*z. What is the greatest common factor of 6 and z?
6
Let s(y) = -y**3 - 2*y**2 + 1. Let f be s(1). Suppose -3 + 7 = w. Let l be (-54)/w*f/3. Calculate the greatest common factor of l and 6.
3
Suppose 0 = -5*b + 290 - 10. What is the greatest common divisor of b and 28?
28
Let z = 4 + 7. Let d be (-2)/(-1) - -87 - 1. What is the highest common factor of z and d?
11
Suppose 0 = 5*c + 10, 0 = 2*v - 7*v + 5*c + 55. What is the highest common divisor of 27 and v?
9
Let f(x) = -10*x**3 + 2*x**2 + x + 2. Let t be f(-2). What is the greatest common factor of 22 and t?
22
Let l be (-2)/(1 - 0) + 113 - 1. Calculate the highest common factor of l and 44.
22
Suppose 0 = 2*c + 10, -k + 0*k - 5*c + 107 = 0. Calculate the highest common divisor of k and 12.
12
Suppose 3*q - 144 = -6*p + 3*p, 2*p + 2 = 0. Calculate the highest common divisor of 147 and q.
49
Let h = -30 + 17. Let q = h + 22. What is the greatest common factor of q and 81?
9
Suppose 4 - 5 = -y, 0 = -3*x - 4*y + 340. What is the greatest common divisor of x and 7?
7
Let v(y) = -y**2 - 6*y - 3. Let q be v(-6). Let h = -1 - q. Suppose 3*g = h*g + 64. Calculate the greatest common divisor of 8 and g.
8
Let y(o) = -o - 4 - 8*o**2 + 7*o + 4*o**3 - 3*o**3. Let q be y(8). What is the greatest common divisor of 11 and q?
11
Suppose 3*a + 21 = 4*p + 281, -a + 4*p + 92 = 0. Suppose h = -3*h + 184. Suppose -2 - h = -4*o. What is the greatest common factor of o and a?
12
Let f(d) = d**3 + 4*d**2 - 5*d - 5. Let m be f(-4). Let h be m + 0/(4 + -2). Calculate the greatest common factor of 30 and h.
15
Let b be 3/1 + (-42)/(-7). Calculate the highest common factor of b and 9.
9
Let v(g) = g**2 - 7*g - 3. Suppose 26 = -f + 3*f - 2*m, -3*m + 17 = 4*f. Let b be v(f). Calculate the highest common factor of b and 45.
5
Let n be 10/55 - 62/(-22). Calculate the highest common factor of 12 and n.
3
Let y(r) = 35*r - 12. Let x be y(-16). Let a be (-8)/(-36) + x/(-18). What is the highest common divisor of 80 and a?
16
Let i(w) = 6*w + 1. Let p(g) = -19*g - 4. Let s(b) = 7*i(b) + 2*p(b). Let l be s(3). Suppose 0*u = -4*u + 308. What is the highest common factor of l and u?
11
Suppose p - 5*p = -20. Suppose 0 = p*y - 64 + 19. Calculate the greatest common divisor of y and 3.
3
Suppose 2*w - 25 = -21. Calculate the greatest common factor of w and 2.
2
Suppose 5*m = -5*y + 4*y + 5, 32 = 2*y - m. What is the greatest common divisor of y and 30?
15
Let f be 17 - 1 - (1 - 0). Let o = f + 3. Suppose 5*l + 86 = -5*g + 721, 0 = -2*g - 5*l + 257. Calculate the greatest common divisor of o and g.
18
Let b be 1/(-3) + 19/3. Let o be 0/4 + 1*b. What is the greatest common factor of o and 18?
6
Suppose 0 = -3*y - 12 + 27, -2*p + 44 = 4*y. Calculate the highest common factor of p and 48.
12
Let w(a) = 5*a + 2. Let c be w(7). Let j = c + -24. Suppose -4*s + 60 = 8. Calculate the greatest common divisor of j and s.
13
Suppose 0*f + j - 26 = -4*f, -5*j - 20 = -5*f. What is the highest common divisor of 6 and f?
6
Suppose -31 + 6 = 5*y. Let b be (2 - y)*(2 + -1). Suppose -b = -0*k - k. What is the highest common divisor of k and 1?
1
Let j = 9 + -7. Suppose -35 = -5*f - 4*p, -5*f = -j*f + 5*p - 34. Let u = 28 - f. Calculate the greatest common factor of u and 5.
5
Let c(i) = i**3 - 8*i**2 + 14*i - 9. Let g be c(9). Suppose -g = -3*x - 63. Calculate the greatest common divisor of x and 9.
9
Let n = 32 - 19. Let p = n - 7. Let h = -71 - -119. What is the greatest common factor of h and p?
6
Let o(m) = m**3 - 4*m**2 - m + 7. Let g be o(4). Calculate the greatest common factor of g and 12.
3
Let u(a) = 45*a**2 + 6*a - 3. Let q be u(-3). Calculate the greatest common factor of 48 and q.
48
Let j(l) = l**3 + l + 2. Let x be j(2). Calculate the greatest common divisor of x and 60.
12
Let i = 29 + -17. Let y be (-3)/(11/i - 1). What is the highest common factor of 9 and y?
9
Suppose -4*u - 4*a = 0, 3*u + 4 = a + 24. Suppose -u*b = -36 - 34. Calculate the highest common factor of b and 7.
7
Suppose -28 = -4*r - k - 11, r - 1 = 3*k. What is the greatest common factor of r and 92?
4
Let y = 0 + -2. Let c be 2 + -4 + 23 + y. Calculate the greatest common factor of 171 and c.
19
Let a(r) = -r**2 + 14*r + 37. Let w be a(16). Calculate the greatest common divisor of 95 and w.
5
Suppose -5*v - z + 3 = 0, 2*v - 7*v - 5*z = 5. Let x be (4 - 0)/(1*2). Calculate the highest common factor of v and x.
1
Let z(r) = -7*r + 39. Let o be z(5). What is the highest common factor of 6 and o?
2
Let s(t) = t**3 + 5*t**2 - t + 2. Let o be s(-4). Let b = o - 16. Suppose 0 = -d + 3 + 12. Calculate the greatest common factor of b and d.
3
Let v = 3 - -2. Calculate the highest common factor of 5 and v.
5
Let l(n) = -n + 12. Let q be l(10). Let v(d) = 4*d - 6 - 4*d + 2 - q*d. Let c be v(-6). Calculate the highest common divisor of 24 and c.
8
Let x(u) be the second derivative of -u**5/20 + 5*u**4/6 + 2*u. Let h be x(10). Let d be 9 + (-2 - h)/2. What is the greatest common divisor of d and 72?
8
Suppose -170 = -3*u + 4*h, 0*u = -3*u - 4*h + 130. Let a = 3 + 7. Calculate the highest common divisor of a and u.
10
Let q = 43 - 3. What is the greatest common factor of q and 20?
20
Let h = -82 - -138. Let f(o) = -o**2 - 6*o - 3. Let v be f(-4). Suppose -2*j = 2*j + 12, 5*m - 50 = v*j. What is the highest common divisor of h and m?
7
Let u(v) = -v**3 - 5*v**2 + 8*v + 9. Let k be u(-6). Let r be ((-20)/3)/(k/9). Calculate the greatest common divisor of 10 and r.
10
Let x be 817/13 - 20/(-130). Calculate the highest common divisor of x and 9.
9
Suppose -37 + 9 = -4*m. What is the greatest common divisor of m and 7?
7
Let v(j) = -j**3 - 10*j**2 - 8*j + 13. Let f be v(-9). Let p = f + -1. Suppose -31 = -p*t + 59. What is the greatest common factor of t and 10?
10
Suppose 2*l + 4 = 0, 3*j = -2*l + 7*l + 25. Calculate the greatest common divisor of 55 and j.
5
Suppose -42*o = -40*o - 66. What is the greatest common factor of 165 and o?
33
Let y be -2 - (9*-4 - 2). Let h be ((-2)/(-6))/(4/132). Suppose 4 = -3*i - 4*n, -h = 3*i + 5*n - 3. What is the highest common factor of y and i?
4
Let b be (-2 + 0)/((-8)/20). Let y = 42 + -32. What is the highest common factor of b and y?
5
Suppose 0 = -4*u + 4 + 16. Suppose -3*v + 81 + 27 = 0. Suppose -3*k + b = -46, -u*k + 5*b + 34 = -v. What is the highest common divisor of 40 and k?
8
Let u be 6*1/(-4)*-2. Suppose -96 = -u*j - j. Let v be (1/(-4))/((-2)/j). Calculate the greatest common divisor of 21 and v.
3
Let k be 92/(-4)*(-2 + -1). Let j = -49 + k. Suppose 2*n - 32 = -2*n. What is the highest common factor of j and n?
4
Let g(r) = r**3 + 12*r**2 + 8*r + 3. Let f be g(-11). What is the highest common factor of 18 and f?
18
Let h be 1/(((-6)/(-45))/2). Let d = h - 2. Suppose -41 + 5 = -t - 2*n, 4*t = -2*n + 114. Calculate the greatest common divisor of t and d.
13
Suppose -4*o + c + 24 = -3*c, 3*c - 26 = -o. What is the highest common divisor of 33 and o?
11
Let t = 54 + -36. Suppose -j + 2*j = t. Suppose -4*a + 107 = 71. Calculate the greatest common divisor of j and a.
9
Suppose -5*g + 4 = -3*g. Suppose g*y + 6 = 4*y. Suppose 1 + 20 = y*i. What is the highest common divisor of i and 7?
7
Let u = -12 + 12. Suppose -4*z + 107 = -d, 5 = d - u. Calculate the highest common factor of z and 4.
4
Let g = -13 - -17. Suppose 61 = -g*h + 6*h + 5*k, 2*k + 134 = 4*h. Calculate the highest common factor of h and 11.
11
Let h(v) = 3*v**3 + v**2 - 5*v + 2. Let g be h(2). Suppose d - 3*z = 6*d - 1103, -664 = -3*d - 4*z. Calculate the greatest common factor of g and d.
20
Suppose 4*p + 4 = -3*w, 3*p = 2*w - 2 - 1. Suppose -13 = 3*l + 2. Let o be l/p - 2/2. What is the highest common factor of o and 4?
4
Let p be (-3)/((-7)/(77/3)). Calculate the highest common divisor of 11 and p.
11
Suppose 0 = -4*u - x + 31, 2*u - 7 - 1 = 2*x. Calculate the greatest common divisor of u and 7.
7
Let m(g) = -3*g + 2. Let k be m(-3). Suppose 3*z + 5*i - 53 = 0, -4*z + 0*i - 5*i + 64 = 0